{"id":1452,"date":"2022-03-27T16:02:31","date_gmt":"2022-03-27T16:02:31","guid":{"rendered":"https:\/\/ovocnysadysta.cz\/pujcovna\/?post_type=product&#038;p=1452"},"modified":"2022-10-24T19:22:01","modified_gmt":"2022-10-24T19:22:01","slug":"parezova-freza-jansen-bsf-13","status":"publish","type":"product","link":"https:\/\/ovocnysadysta.cz\/pujcovna\/produkt\/parezova-freza-jansen-bsf-13\/","title":{"rendered":"Pa\u0159ezov\u00e1 fr\u00e9za Jansen&nbsp;BSF-13"},"content":{"rendered":"","protected":false},"excerpt":{"rendered":"<p>Vratn\u00e1 kauce 10 000,-<\/p>\n<p>Velikost \u0159ezn\u00e9 plochy z\u00e1vis\u00ed na na \u00fahlu p\u0159ibl\u00ed\u017een\u00ed mezi pa\u0159ezem a strojem. Hloubka \u0159ezu je mo\u017en\u00e1 a\u017e 30 cm do zem\u011b. \u0160\u00ed\u0159ka drcen\u00ed je 5,5 cm.<\/p>\n<p><a class=\"btn btn-success\" role=\"button\" href=\"\/kontakt\/\">Objedn\u00e1vka nebo dotaz<\/a><\/p>\n","protected":false},"featured_media":1453,"template":"","meta":[],"product_cat":[22,23,24],"product_tag":[],"_links":{"self":[{"href":"https:\/\/ovocnysadysta.cz\/pujcovna\/wp-json\/wp\/v2\/product\/1452"}],"collection":[{"href":"https:\/\/ovocnysadysta.cz\/pujcovna\/wp-json\/wp\/v2\/product"}],"about":[{"href":"https:\/\/ovocnysadysta.cz\/pujcovna\/wp-json\/wp\/v2\/types\/product"}],"wp:featuredmedia":[{"embeddable":true,"href":"https:\/\/ovocnysadysta.cz\/pujcovna\/wp-json\/wp\/v2\/media\/1453"}],"wp:attachment":[{"href":"https:\/\/ovocnysadysta.cz\/pujcovna\/wp-json\/wp\/v2\/media?parent=1452"}],"wp:term":[{"taxonomy":"product_cat","embeddable":true,"href":"https:\/\/ovocnysadysta.cz\/pujcovna\/wp-json\/wp\/v2\/product_cat?post=1452"},{"taxonomy":"product_tag","embeddable":true,"href":"https:\/\/ovocnysadysta.cz\/pujcovna\/wp-json\/wp\/v2\/product_tag?post=1452"}],"curies":[{"name":"wp","href":"https:\/\/api.w.org\/{rel}","templated":true}]}}